 of (4/10)/(n/400).
2, 5
Suppose 6*o - o = -30. Let j be 1/(30/(-33) + 1). Let k = j + o. What are the prime factors of k?
5
Let j(d) = -d**3 + 9*d**2 - 8*d + 3. Let x be j(8). Suppose -x*o - 2 = -2*c + 30, -84 = -4*c + o. Let l = c - 11. What are the prime factors of l?
11
Suppose -4*v + 814 = -106. What are the prime factors of v?
2, 5, 23
Let j = -1305 - -1931. Suppose 2*r + x - j = -2*r, 0 = 5*r + x - 783. Let z = -106 + r. What are the prime factors of z?
3, 17
Suppose -1078 = -5*s - 2*o, 5*s + 10*o - 1076 = 6*o. Suppose -3*n = 6*n - s. List the prime factors of n.
2, 3
Let a = -1271 - -2398. List the prime factors of a.
7, 23
Suppose 0 = -145*d + 147*d - 486. Let v = d - 136. List the prime factors of v.
107
Let v = 2644 - 1426. List the prime factors of v.
2, 3, 7, 29
Let l(f) = 853*f**2 - 2*f. What are the prime factors of l(-2)?
2, 7, 61
Let k be ((-15)/10)/((-9)/(-12)). Let y be (-3)/6*1*k. List the prime factors of (4/8 + y)*6.
3
Let r be (100 - 0) + (-2 - -4). Let a = -58 + 201. Let u = a - r. List the prime factors of u.
41
Let d(r) = -2*r + 0*r - 2*r**3 - 1 + r. Let w be d(-1). Suppose -5*h + 2*y + 2*y + 64 = 0, 5*h - w*y = 72. List the prime factors of h.
2
Let h(a) = -a**3 + 5*a**2 + 7*a + 1. Let q be h(6). Suppose 16 = -q*x + 233. List the prime factors of x.
31
Suppose -i + 180 = 41. Suppose 24 - i = -g. What are the prime factors of g?
5, 23
Let j = -3547 - -5765. List the prime factors of j.
2, 1109
Let y(h) = -h**3 - 25*h**2 - 22*h + 53. Let o be y(-24). Suppose -3*z = -o*v - 0*v - 929, 934 = 3*z - 4*v. What are the prime factors of z?
2, 3, 53
Suppose -3*g - l + 547 = 0, 5*g + 28*l - 913 = 26*l. List the prime factors of g.
181
Let z = -39 - -35. Let k(i) = -2*i**3 - 5*i**2 + 9. What are the prime factors of k(z)?
3, 19
List the prime factors of (16/12)/(2/2526).
2, 421
Let i = 34 + -69. Let k = i - -75. What are the prime factors of k?
2, 5
Suppose -4120 = -12*n + 7*n. Suppose -230 - n = -5*k - 2*l, 2 = l. What are the prime factors of k?
2, 3, 5, 7
What are the prime factors of 3206/2 + -25 + 20?
2, 17, 47
Suppose -3*y = -3*u + 2*u - 3021, 3*u - 9 = 0. List the prime factors of y.
2, 3, 7
What are the prime factors of 38*24 + (7 - 4)?
3, 5, 61
Suppose 3 = -2*v + 25. Suppose 0 = -v*n + 414 + 1093. List the prime factors of n.
137
Let o = 326 + -167. Let g = 232 - o. What are the prime factors of g?
73
Suppose -463 = -2*v + 2*k + 111, 1435 = 5*v + k. What are the prime factors of v?
7, 41
Let s(c) = 4*c - 6. Suppose -2*a = 2*i - 10, 4*a - 5*i - 12 + 1 = 0. List the prime factors of s(a).
2, 5
Let j(a) = a + 21. Let f = -19 + 68. Suppose f = 2*w + 5*w. List the prime factors of j(w).
2, 7
Suppose 0 = 39*k - 44*k + 2560. List the prime factors of k.
2
List the prime factors of 2 + 6/(-3)*156*-1.
2, 157
Suppose 4*z - 168 = 4*q, -5*q = -3*z + 163 - 29. What are the prime factors of z?
2, 19
Let m = 14 - 14. Suppose 5*u + 207 - 7 = m. Let i = 68 + u. List the prime factors of i.
2, 7
Suppose 7*j - 102 = 66. List the prime factors of j.
2, 3
Suppose 6*o = 3*o + 18. Suppose -5*h = j + 17, -o*j - 16 = -j + 2*h. What are the prime factors of 37 - j/(-2)*-3?
2, 5
Suppose -3*o - 5*z - 21 = 0, 4*o - 1 + 0 = 3*z. What are the prime factors of 20/(-5) - 204/o?
2, 7
Let b be 2*(-2 - -1) - -290. Suppose 0*u + b = 4*u. Suppose 3*l - u = -24. List the prime factors of l.
2
Let k(y) = y**2 - 10*y + 3. Let u(l) = 19*l + 2. Let p be u(1). Let f = p + -10. What are the prime factors of k(f)?
2, 7
Suppose -37*i = -38*i - 39. Let w = i - -112. List the prime factors of w.
73
Let n = 150 - 32. Suppose i - 55 = -i + 3*l, 2*l + 165 = 5*i. Suppose 2*p + 50 = 2*u, -5*u + n = 2*p - i. List the prime factors of u.
29
Let z(x) = 4*x**2 - 5*x - 6. Let l be z(6). Let s(u) = 93*u + 1 - 1 - l*u. What are the prime factors of s(-1)?
3, 5
Suppose 7727 = 13*r - 9*r + 3*v, -2*v + 9664 = 5*r. List the prime factors of r.
2, 967
What are the prime factors of ((-5094)/(-24))/((-44)/(-32) + -1)?
2, 283
Suppose 3*v = 1460 + 1222. List the prime factors of v.
2, 3, 149
Let z = 2652 - -171. What are the prime factors of z?
3, 941
Let o be (-1 + 2)*20/5. Suppose a - o*a = -108. List the prime factors of a.
2, 3
Let g(w) = -5*w**3 + 2*w**2 - 2*w - 26. Let p = 51 + -55. List the prime factors of g(p).
2, 167
Let w = 32 + -75. Let j = 18 + w. Let f = 30 - j. List the prime factors of f.
5, 11
Let h(i) = 670*i - 127. What are the prime factors of h(3)?
7, 269
Suppose 3 = 2*p - 1. Let j be p - (-60 - 3)/3. Suppose 3*h - j = 5*t, h + 19 = 4*h - t. List the prime factors of h.
2, 3
Let j be (10 - -2)*(-1)/(-4). Suppose j*c = -c. Suppose 3*k - 1 = o + 2*k, c = 4*o + 2*k - 26. List the prime factors of o.
2
Suppose 16 + 199 = 5*y. Suppose 46 = i - y. What are the prime factors of i?
89
Let m be 6/4*(-46)/3. Let y = m - -81. What are the prime factors of y?
2, 29
Let l(t) = -7*t**2 - 12*t + 0*t**2 + 19 + 9*t**2. What are the prime factors of l(-7)?
3, 67
Let x(k) = -k**3 + 20*k**2 - 52*k + 29. What are the prime factors of x(17)?
2, 3
Suppose 21*p - 58980 + 6102 = 0. List the prime factors of p.
2, 1259
Suppose 0 = 2*h - 2*m - 5682, m = 2*h + 2*m - 5670. List the prime factors of h.
2837
Let i be ((-9)/6)/(15/(-100)). Suppose i*f - 159 = 7*f. List the prime factors of f.
53
Let t(u) = u**3 + 3*u**2 + 3*u + 2. Suppose 3*b + 6 = -0. Let i be t(b). Suppose i = 4*v - 0*v - 28. List the prime factors of v.
7
Suppose -x + 403 = 2*x - 2*l, x + 5*l - 157 = 0. What are the prime factors of x?
137
What are the prime factors of (16/20)/(1/470)?
2, 47
What are the prime factors of 97*(2 + 5 + 6)?
13, 97
Suppose -n - 3 + 5 = x, 3 = -n. Suppose -j + 582 = x*j. List the prime factors of j.
97
What are the prime factors of (0 + 9*106)*(-9)/(-6)?
3, 53
Suppose 0 = -5*n - 10 - 30. Let y(c) = -18*c. List the prime factors of y(n).
2, 3
List the prime factors of 135/(-6)*(-108)/10.
3
Let p(t) = -282*t - 22. What are the prime factors of p(-2)?
2, 271
List the prime factors of 6/(-45) + (1 - 6964/(-30)).
233
Suppose 60*j = 55*j - 15, 5*d = 2*j + 2006. What are the prime factors of d?
2, 5
Suppose t + 23 = 5*x - t, 4*x - 24 = 3*t. Suppose p + 4 = x, 20 = 5*l - 5*p. What are the prime factors of l?
3
What are the prime factors of (2550/4)/(119/(-14) + 9)?
3, 5, 17
Let m = -75 + 80. Suppose a - 91 - 39 = 4*w, 525 = 5*a + m*w. List the prime factors of a.
2, 5, 11
Let h(q) = 6*q**2 - 5*q + 8. What are the prime factors of h(2)?
2, 11
Suppose -2*g + 4*g - 20 = 0. Suppose -8*j + 3*j = -g. Suppose 2*u - 46 = j*p, 2*u - 3*u + 43 = 4*p. What are the prime factors of u?
3
Suppose -3*i + 6 = 3*u, 0 = 4*i + 1 + 7. Suppose u*y = 2*o + 406, -y + 109 = -0*y + o. List the prime factors of y.
2, 13
Let d(y) = y**3 + 7*y**2 + 8. Let h be d(-7). Suppose h*g + 198 = 702. List the prime factors of g.
3, 7
Let c(s) = 1 - 3 + 4*s - 16. Let r(z) = -5*z + 18. Let u(b) = -6*c(b) - 5*r(b). List the prime factors of u(-10).
2
Suppose 0 = -5*u - 0*y + 2*y - 28, -2*u - 12 = -y. What are the prime factors of (u/(-1))/((-8)/(-16))?
2
Let z = 22 + 313. List the prime factors of z.
5, 67
Suppose 4 = v, -4*d - 4*v = -d - 298. Let o = 34 + d. What are the prime factors of o?
2
Let r be (-6976)/(-20) - 4/5. Suppose -13*i + 7*i = -r. What are the prime factors of i?
2, 29
Let c(s) = 13*s**3 + 2*s**2 - 3*s + 2. Let r be c(2). Suppose -2*v - 4*v = -r. What are the prime factors of v?
2, 3
Let k(t) = -t - 2. Let y be k(-6). Suppose y*f = 3*f + 65. List the prime factors of f.
5, 13
Let o(m) be the first derivative of m**3/3 + 3*m**2 + 3*m + 113. Suppose 4*g + 32 = -s + 7, 4*g - s + 31 = 0. List the prime factors of o(g).
2, 5
Let o(h) = -h**2 + 9*h + 2. Suppose -4*r = r - 4*u - 44, 0 = -3*u - 3. Let a be o(r). List the prime factors of ((-12)/a)/((-46)/115).
3
Let s(o) = 769*o + 23. List the prime factors of s(3).
2, 5, 233
Let r(t) = 3*t - 10 - 4 - 9 + 2*t. List the prime factors of r(7).
2, 3
Let o(s) be the first derivative of -6*s + 5 + 1/2*s**2 + 1/3*s**3. List the prime factors of o(-5).
2, 7
Let f(q) = -15*q + 1. Let a = -3 - -24. Let n = -24 + a. List the prime factors of f(n).
2, 23
Let x be (22 - 2)*6/24. Suppose x = 5*w - 150. What are the prime factors of w?
31
Let l = 2 - -23. Suppose 4*i - l - 3 = 0. Let b(u) = 5*u - 9. 